-11)?
-261
Let d(w) = -3*w**2 + 27*w - 160. What is d(6)?
-106
Let a(z) = 125*z - 15373. Determine a(123).
2
Let k(b) = 4*b**2 - 35*b - 1. Calculate k(9).
8
Let l(g) = g**3 + 56*g**2 - 176*g + 11. What is l(3)?
14
Let l(y) = 20*y + 98. Calculate l(-7).
-42
Let m(t) = -3*t**2 - 226*t + 248. Give m(-77).
-137
Let f(l) = -684*l - 55402. Give f(-81).
2
Let o(v) = -2611*v - 18283. What is o(-7)?
-6
Let f(d) = -d**2 - 89*d - 1569. Give f(-65).
-9
Let g(r) = 4*r**3 + r**2 + 16*r + 32. Determine g(-2).
-28
Let n(k) = 188*k**3 - 3*k**2 - 7*k - 7. Determine n(-1).
-191
Let h(w) = w**3 - 16*w**2 - 12*w + 65. Determine h(16).
-127
Let z(q) = -q**3 - 18*q**2 + 61*q - 38. Give z(-21).
4
Let x(q) = 19*q**3 - 6*q - 1. Give x(-1).
-14
Let n(h) = -h**2 - 36*h - 42. Calculate n(-27).
201
Let v(s) = 4*s + 21. Determine v(-22).
-67
Let q(u) = u**3 + 81*u**2 - 252*u - 25. Determine q(-84).
-25
Let a(l) = l**2 + l - 121. What is a(-12)?
11
Let i(t) = -3*t**2 + 46*t - 339. Give i(9).
-168
Let d(a) = 802*a - 6197. Determine d(8).
219
Let s(j) = -13*j - 124. Calculate s(-15).
71
Let l(d) = 4280*d - 9. Calculate l(0).
-9
Let c(r) = -2*r**2 - 25*r - 69. Calculate c(-7).
8
Let k(l) = -l**2 - 97*l - 1168. Determine k(-83).
-6
Let p(v) = 4*v + 218. Determine p(-58).
-14
Let m(s) = -1153*s + 8062. Calculate m(7).
-9
Let a(t) = 181*t**2 - t + 1. Calculate a(1).
181
Let p(k) = -4*k**3 - 125*k**2 - 42*k - 351. Give p(-31).
-10
Let l(b) = 325*b - 976. Give l(3).
-1
Let x(k) = 38*k - 77. What is x(-7)?
-343
Let y(w) = w**3 + 3*w**2 - 16*w - 29. Determine y(-5).
1
Let c(f) = 8*f**2 + 155*f - 91. What is c(-20)?
9
Let y(l) = -13*l - 263. Determine y(-15).
-68
Let z(b) = 1949*b - 3927. Give z(2).
-29
Let q(m) = m**2 + 14*m + 32. What is q(10)?
272
Let y(g) = g**3 - 34*g**2 - 1394*g + 117. Calculate y(58).
1
Let w(x) = 10*x**3 - 6*x**2 + 18*x - 15. Give w(1).
7
Let s(y) = -573*y + 24073. Calculate s(42).
7
Let c(a) = 25*a + 221. Determine c(-8).
21
Let u(a) = 480*a + 3843. Calculate u(-8).
3
Let v(c) = c**3 - 13*c**2 - 765*c - 178. Calculate v(35).
-3
Let b(d) = d**2 - 6*d - 6900. Calculate b(-80).
-20
Let x(w) = -w**3 + w**2 + 82*w + 57. Determine x(10).
-23
Let t(n) = -3*n**2 + 28*n - 28. Determine t(1).
-3
Let u(l) = -l**3 + 23*l**2 + 114*l + 22. Calculate u(-4).
-2
Let a(i) = -i**3 + 65*i - 88. What is a(7)?
24
Let x(p) = p**3 - 10*p**2 + 6*p - 157. What is x(11)?
30
Let c(q) = q**3 + q**2 + q + 137. What is c(6)?
395
Let j(v) = -v**2 + 3*v + 570. What is j(0)?
570
Let q(k) = -152*k + 620. Determine q(4).
12
Let y(j) = -2*j**2 + 17*j + 17. Calculate y(9).
8
Let x(a) = 9*a**2 - 483*a - 660. Give x(55).
0
Let j(m) = -2*m**3 - 88*m**2 + 184*m - 1. What is j(-46)?
-1
Let n(v) = -2*v**2 + v + 213. Determine n(-10).
3
Let j(t) = -t**2 - 13*t - 28. Determine j(-5).
12
Let j(g) = g**3 - 8*g**2 + 23*g - 165. What is j(9)?
123
Let q(x) = -x**2 - 25*x + 38. Calculate q(-20).
138
Let z(y) = -21*y**2 + 130*y + 8. Calculate z(5).
133
Let b(u) = 15*u - 4. Give b(1).
11
Let z(l) = 5*l**2 + 302*l - 226. What is z(-61)?
-43
Let d(k) = k**3 + 149*k**2 + 996*k + 258. Calculate d(-142).
-26
Let b(u) = -3*u**2 - 58*u - 216. Determine b(-4).
-32
Let a(q) = 60*q**2 + 22*q + 18. What is a(-1)?
56
Let r(x) = 36*x**2 + 32*x - 6. Calculate r(-1).
-2
Let l(t) = -3*t**3 - 116*t**2 + 59*t + 784. Calculate l(-39).
4
Let h(u) = 4*u**2 + 30*u - 2. What is h(-5)?
-52
Let m(c) = c**2 - 231*c - 53472. What is m(374)?
10
Let u(y) = -44*y + 280. What is u(19)?
-556
Let c(t) = -21*t**3 + 2*t**2 + t + 1. What is c(-1)?
23
Let r(g) = 2*g**3 + 12*g**2 + 16*g + 25. Calculate r(-4).
25
Let k(z) = -2*z + 7. What is k(6)?
-5
Let x(i) = 2*i**2 - 146*i. What is x(73)?
0
Let u(f) = -8*f + 343. What is u(48)?
-41
Let f(c) = 178*c**2 + 2*c - 3. What is f(1)?
177
Let g(b) = -6*b**2 + 112*b - 8. Give g(14).
384
Let q(c) = -c**3 + 8*c**2 + 117*c + 39. Give q(16).
-137
Let s(q) = 940*q + 52625. Determine s(-56).
-15
Let f(b) = -861*b + 12908. Give f(15).
-7
Let q(z) = z**2 - 29*z + 371. Determine q(24).
251
Let l(n) = n**3 - 154*n**2 - 157*n + 311. Give l(155).
1
Let j(b) = -b**2 - 109*b - 2512. Determine j(-33).
-4
Let x(c) = -2*c**3 + 2*c**2 - 6*c - 19. Determine x(-5).
311
Let o(x) = -x**3 - 11*x**2 - x - 65. Determine o(-12).
91
Let a(x) = -3*x**2 - 35*x - 90. Calculate a(-8).
-2
Let j(h) = -2*h**3 - 39*h**2 - 42*h + 215. Calculate j(-18).
-1
Let i(a) = 3*a - 122. Give i(29).
-35
Let w(l) = 2*l**3 - 534*l + 18. Calculate w(0).
18
Let x(b) = 136*b + 344. Give x(3).
752
Let y(z) = 6*z**3 + 4*z**2 - 39*z - 3. Calculate y(4).
289
Let f(k) = -5*k**3 - 33*k**2 + 15*k + 1. Determine f(-7).
-6
Let c(s) = -79*s - 9267. Calculate c(-114).
-261
Let d(s) = 20*s**3 - 23*s**2 + 24*s - 2. Calculate d(1).
19
Let l(n) = n**2 + 24*n - 177. Calculate l(-31).
40
Let y(q) = -1188*q + 10697. Give y(9).
5
Let n(i) = -16*i + 291. Determine n(17).
19
Let y(c) = c**2 + 20*c - 335. Calculate y(-31).
6
Let b(l) = -20*l - 245. What is b(-19)?
135
Let j(h) = -13*h + 589. Calculate j(49).
-48
Let r(z) = -2*z**2 + 16*z + 399. What is r(-8)?
143
Let n(g) = -35*g - 1602. Determine n(-45).
-27
Let x(k) = 3*k**2 + 46*k + 135. Determine x(-12).
15
Let n(i) = -44*i - 94. Calculate n(-1).
-50
Let w(h) = -h**3 + 121*h**2 + 4174*h - 306. Determine w(149).
-8
Let v(c) = -c**3 - 210*c**2 - 433*c - 3623. Give v(-208).
-87
Let c(q) = -22*q**2 + 97*q - 68. Determine c(4).
-32
Let g(z) = z**2 + 994*z + 1990. Determine g(-2).
6
Let v(p) = -3*p**3 + 9*p**2 - 3*p - 52. Give v(-4).
296
Let d(l) = l**3 - 251*l**2 - 3157*l - 27. Determine d(-12).
-15
Let z(v) = v**3 - 7*v**2 + 165*v - 2328. Determine z(11).
-29
Let r(m) = -m**3 - 9*m**2 + 5*m - 77. Determine r(-10).
-27
Let d(i) = -i**3 + 8*i**2 + 35*i - 77. Calculate d(10).
73
Let z(f) = 3*f - 160. What is z(26)?
-82
Let z(j) = -45*j**2 + 46*j + 98. Give z(-2).
-174
Let t(c) = -29*c - 580. What is t(-19)?
-29
Let b(z) = -18*z + 58. What is b(3)?
4
Let d(q) = -2*q**2 - 13*q - 13. What is d(0)?
-13
Let v(m) = -128*m + 492. Give v(5).
-148
Let o(a) = a**3 + 31*a**2 + 29*a - 38. Give o(-30).
-8
Let q(z) = 22*z + 5638. Give q(-257).
-16
Let n(c) = -15*c**2 + 1022*c - 102. Give n(68).
34
Let q(c) = -3*c**2 + 27*c - 51. What is q(16)?
-387
Let h(j) = j**3 + 77*j**2 + 63*j - 995. Determine h(-76).
-7
Let l(q) = 2946*q - 29466. Give l(10).
-6
Let z(w) = -492*w + 19196. Calculate z(39).
8
Let k(f) = f**2 + 43*f + 137. Give k(-43).
137
Let s(l) = -2*l**3 + 2*l**2 - l - 1. Give s(2).
-11
Let l(k) = k**3 + 2*k**2 + k - 87. Give l(0).
-87
Let a(v) = 37*v + 2005. What is a(-61)?
-252
Let f(j) = 3*j**2 + 115*j + 1079. Calculate f(-22).
1
Let i(h) = -3*h**2 - 7*h - 53. Give i(-3).
-59
Let m(u) = u**3 + 55*u**2 + 3*u + 127. Calculate m(-55).
-38
Let k(o) = -4*o**2 - 140*o + 887. Give k(6).
-97
Let n(a) = -a**3 - 15*a**2 + 70*a - 88. Determine n(-19).
26
Let s(w) = w**3 - 15*w**2 + 5*w + 9. Calculate s(5).
-216
Let m(r) = -r**2 - 25*r + 87. Give m(-28).
3
Let m(i) = 2*i**2 + 35*i - 224. Calculate m(6).
58
Let z(v) = 2*v**2 + 47*v + 420. Calculate z(-25).
495
Let t(f) = -54*f + 1499. Give t(28).
-13
Let u(g) = -g**3 - 11*g**2 + 4*g + 96. Give u(-10).
-44
Let j(p) = -2952*p + 64944. What is j(22)?
0
Let g(s) = 2*s**2 + 354*s + 1757. Determine g(-5).
37
Let x(y) = y**3 + 14*y**2 + 43*y + 39. Give x(-10).
9
Let c(k) = -270*k + 2137. Determine c(8).
-23
Let v(r) = 2*r**3 - 6*r**2 + 7*r. What is v(2)?
6
Let n(s) = 2*s**3 - 10*s**2 + s - 67. Give n(6).
11
Let d(b) = -7*b**2 + 4*b + 23. What is d(4)?
-73
Let c(v) = 3*v**2 + 313*v + 4867. Give c(-19).
3
Let j(p) = 50*p - 16. What is j(1)?
34
Let u(a) = a**2 - 15*a - 171. What is u(24)?
45
Let p(g) = -g + 96. What is p(-22)?
118
Let r(j) = -12*j**2 - 136*j - 168. What is r(-10)?
-8
Let d(q) = -12*q**2 + 122*q - 13. Determine d(10).
7
Let p(t) = -t**2 - 60*t - 760. Calculate p(-44).
-56
Let u(b) = b**2 - 78*b - 2582. What is u(-25)?
-7
Let c(v) = 3*v**2 - 95*v + 795. Calculate c(10).
145
Let s(l) = -l**2 - 45*l + 822. Calculate s(-59).
-4
Let k(z) = -z**3 - 30*z**2 - 131*z - 40. Calculate k(-5).
-10
Let o(s) = 17*s + 1550. Determine o(-87).
71
Let f(k) = -236*k + 48. Give f(2).
-424
Let i(v) = -20*v**3 + 899*v**2 + 45*v + 24. Calculate i(45).
24
Let t(x) = -2*x**3 - 301*x**2 - 445*x + 284. What is t(-149)?